{"id":1635,"date":"2021-12-08T14:55:45","date_gmt":"2021-12-08T13:55:45","guid":{"rendered":"http:\/\/sskz.rkc.si\/sskz\/?page_id=1635"},"modified":"2022-05-20T17:47:33","modified_gmt":"2022-05-20T15:47:33","slug":"dodatno-gradivo","status":"publish","type":"page","link":"https:\/\/sskz.rkc.si\/sskz\/domov\/sinoda\/dodatno-gradivo\/","title":{"rendered":"Dodatno gradivo"},"content":{"rendered":"<p>V pomo\u010d pri sodelovanju pri sinodi objavljamo nekaj dodatnega gradiva:<\/p>\n<ul>\n<li>povezavo do <a href=\"http:\/\/sskz.rkc.si\/sskz\/wp-content\/uploads\/2021\/12\/211104-Slikovno-gradivo.docx\">tematskega slikovnega gradiva<\/a>,<\/li>\n<li><a href=\"http:\/\/sskz.rkc.si\/sskz\/wp-content\/uploads\/2021\/12\/211125-Molitev-za-sinodo.docx\">molitev za sinodo<\/a> in <a href=\"http:\/\/sskz.rkc.si\/sskz\/wp-content\/uploads\/2021\/12\/211125-Podobica-z-molitvijo-za-sinodo.docx\">podobico z molitvijo in njeno razlago<\/a>,<\/li>\n<li>povezavo do spletne strani <a href=\"https:\/\/portal.pridi.com\/kategorija\/sinoda-2021-2023\/\">pridi.com<\/a>, kjer je na voljo dodatno gradivo,<\/li>\n<li>in povezavo za <a href=\"https:\/\/www.synod.va\/en.html\">sinodo v angle\u0161kem jeziku<\/a>.<\/li>\n<\/ul>\n<p>Dodajamo tudi nekaj aktualnih \u010dlankov in prispevkov na temo sinode, med njimi tematske prispevke pape\u017ea Fran\u010di\u0161ka, kardinala Grecha in \u0161kofa Sajeta:<\/p>\n<ul>\n<li><a href=\"http:\/\/sskz.rkc.si\/sskz\/wp-content\/uploads\/2021\/12\/211028-Papez-o-sinodalnosti-govor-vernim-rimske-skofije-IT-SLO-AN-in-uvod.docx\">Pape\u017e o sinodalnosti &#8211; govor vernim rimske \u0161kofije <\/a>(<a href=\"http:\/\/sskz.rkc.si\/sskz\/wp-content\/uploads\/2021\/12\/210918-fedeli-diocesiroma-EN-o_sinodalnosti.pdf\">angle\u0161ka verzija<\/a>, <a href=\"http:\/\/sskz.rkc.si\/sskz\/wp-content\/uploads\/2021\/12\/210918-fedeli-diocesiroma-IT-o_sinodalnosti.pdf\">italijanska verzija<\/a>)<\/li>\n<li><a href=\"http:\/\/sskz.rkc.si\/sskz\/wp-content\/uploads\/2021\/12\/151017-papa-francesco_20151017_50-anniversario-sinodo-EN.pdf\">Pape\u017e ob 50. obletnici sinode<\/a><\/li>\n<li><a href=\"http:\/\/sskz.rkc.si\/sskz\/wp-content\/uploads\/2021\/12\/211118-Kardinal-Grech-7-vidikov-sinodalnosti-ameriskim-skofom.docx\">Kardinal Grech in sedem vidikov sinodalnosti<\/a><\/li>\n<li><a href=\"http:\/\/sskz.rkc.si\/sskz\/wp-content\/uploads\/2021\/12\/211115-Sinodalna-pot-in-pogled-z-gore-Saje.docx\">Sinodalna pot in duhovni pogled z gore<\/a><\/li>\n<li><a href=\"https:\/\/portal.pridi.com\/2021\/11\/24\/papez-skofom-latinske-amerike-in-karibov-poslusanje-dialog-ustvarjalnost\/\">Pape\u017e \u0161kofom Latinske Amerike in Karibov: Poslu\u0161anje, dialog, ustvarjalnost<\/a><\/li>\n<li><a href=\"https:\/\/www.rtvslo.si\/rtv365\/arhiv\/174848546?s=tv\">Oddaja Sveto in svet na Televiziji Slovenija o sinodi<\/a><\/li>\n<li><a href=\"https:\/\/www.vaticannews.va\/sl\/vatikan\/news\/2022-03\/skupno-pismo-kardinala-grecha-in-msgr-lazzara-sika-ob-prazniku.html\">Skupno pismo kardinala Grecha in msgr. Lazzara Sika duhovnikom:<\/a> V pismu smo povabljeni k trojnemu prispevku v sinodalnemu procesu:\n<div>1.\u00a0<i>Sinodalna\u00a0pot naj sloni na poslu\u0161anju in na \u017eivljenju Bo\u017eje Besede.<\/i><\/div>\n<div>2.\u00a0<i>Sinodalna\u00a0pot naj bo\u00a0<\/i><i>zaznamovana z medsebojnim poslu\u0161anjem in vzajemnim sprejemanjem<\/i>.<\/div>\n<div>3.\u00a0<em>Skrbeti moramo zato, da\u00a0<\/em><i>nas pot ne vodi k samoopazovanju, ampak nas spodbuja, da bomo \u0161li naproti vsem<\/i>.<\/div>\n<div><\/div>\n<\/li>\n<li><a href=\"http:\/\/sskz.rkc.si\/sskz\/wp-content\/uploads\/2022\/05\/2205-IB-intervju-o-SINODI-Bozja-beseda-danes-.pdf\">Sinoda je povabilo, da se ves svet sre\u010da<\/a>, pogovor z dr. Igorjem Bahovcem<\/li>\n<li><a href=\"http:\/\/sskz.rkc.si\/sskz\/wp-content\/uploads\/2022\/05\/2205-IB-o-SINODI-Bozje-okolje.pdf\">Bo\u017eje okolje o sinodi<\/a><\/li>\n<\/ul>\n","protected":false},"excerpt":{"rendered":"<p>V pomo\u010d pri sodelovanju pri sinodi objavljamo nekaj dodatnega gradiva: povezavo do tematskega slikovnega gradiva, molitev za sinodo in podobico z molitvijo in njeno razlago, povezavo do spletne strani pridi.com, kjer je na voljo dodatno gradivo, in povezavo za sinodo v angle\u0161kem jeziku. Dodajamo tudi nekaj aktualnih \u010dlankov in prispevkov na temo sinode, med njimi &hellip; <a href=\"https:\/\/sskz.rkc.si\/sskz\/domov\/sinoda\/dodatno-gradivo\/\" class=\"more-link\">Continue reading <span class=\"screen-reader-text\">Dodatno gradivo<\/span><\/a><\/p>\n","protected":false},"author":1,"featured_media":0,"parent":1581,"menu_order":0,"comment_status":"open","ping_status":"closed","template":"","meta":[],"_links":{"self":[{"href":"https:\/\/sskz.rkc.si\/sskz\/wp-json\/wp\/v2\/pages\/1635"}],"collection":[{"href":"https:\/\/sskz.rkc.si\/sskz\/wp-json\/wp\/v2\/pages"}],"about":[{"href":"https:\/\/sskz.rkc.si\/sskz\/wp-json\/wp\/v2\/types\/page"}],"author":[{"embeddable":true,"href":"https:\/\/sskz.rkc.si\/sskz\/wp-json\/wp\/v2\/users\/1"}],"replies":[{"embeddable":true,"href":"https:\/\/sskz.rkc.si\/sskz\/wp-json\/wp\/v2\/comments?post=1635"}],"version-history":[{"count":9,"href":"https:\/\/sskz.rkc.si\/sskz\/wp-json\/wp\/v2\/pages\/1635\/revisions"}],"predecessor-version":[{"id":1758,"href":"https:\/\/sskz.rkc.si\/sskz\/wp-json\/wp\/v2\/pages\/1635\/revisions\/1758"}],"up":[{"embeddable":true,"href":"https:\/\/sskz.rkc.si\/sskz\/wp-json\/wp\/v2\/pages\/1581"}],"wp:attachment":[{"href":"https:\/\/sskz.rkc.si\/sskz\/wp-json\/wp\/v2\/media?parent=1635"}],"curies":[{"name":"wp","href":"https:\/\/api.w.org\/{rel}","templated":true}]}}