{"id":1581,"date":"2021-12-01T14:18:26","date_gmt":"2021-12-01T13:18:26","guid":{"rendered":"http:\/\/sskz.rkc.si\/sskz\/?page_id=1581"},"modified":"2021-12-15T13:57:24","modified_gmt":"2021-12-15T12:57:24","slug":"sinoda","status":"publish","type":"page","link":"https:\/\/sskz.rkc.si\/sskz\/domov\/sinoda\/","title":{"rendered":"Sinoda"},"content":{"rendered":"\n<p>V \u010dasopisu Dru\u017eina je bil 19. septembra 2021 objavljen \u010dlanek \u201cZa\u010denja se sinodalna pot\u201d. V njem je na kratko predstavljena \u0161kofovska sinoda, ki se bo za\u010dela oktobra letos, zaklju\u010dila pa se bo oktobra 2023 s \u0161kofovskim zborom v Rimu.<\/p>\n\n\n\n<p><a rel=\"noreferrer noopener\" href=\"https:\/\/katoliska-cerkev.si\/media\/datoteke\/Dokumenti%20in%20publikacije\/210923_Pripravljalni%20dokument%20sinode%202021-SLO-S%C5%A0K-lekt.pdf\" target=\"_blank\">Pripravljalni dokument sinode<\/a>\u00a0vabi prav vsakogar k poslu\u0161anju, dialogu in skupnemu razlo\u010devanju. Posebej je izpostavljena pomembnost vklju\u010ditve izklju\u010denih in odrinjenih. Odlo\u010ditev za tak\u0161no \u201cskupno potovanje\u201d je prero\u0161ko znamenje \u010dlove\u0161ki dru\u017eini, da se poenoti pri iskanju skupnega dobrega. <em><a href=\"http:\/\/sskz.rkc.si\/sskz\/2021\/11\/12\/zacenja-se-sinodalna-pot\/\">Ve\u010d za uvod. <\/a><\/em><\/p>\n\n\n\n<p>Glavna dokumenta sinode sta <a href=\"http:\/\/sskz.rkc.si\/sskz\/wp-content\/uploads\/2021\/12\/210923-Pripravljalni-dokument-sinode-2021.pdf\">Pripravljalni dokument<\/a> in <a href=\"http:\/\/sskz.rkc.si\/sskz\/wp-content\/uploads\/2021\/12\/210923-Vademekum-Za-sinodalno-Cerkev.pdf\">Vademekum<\/a>, ki prvega dopolnjuje. Objavljamo pa tudi kratek <a href=\"http:\/\/sskz.rkc.si\/sskz\/wp-content\/uploads\/2021\/12\/211104-Sinoda-2021-2023-povzetek-dokumentov.docx\">povzetek dokumentov<\/a>.\u00a0<\/p>\n\n\n\n<ul><li><a href=\"http:\/\/sskz.rkc.si\/sskz\/wp-content\/uploads\/2021\/12\/210923-Pripravljalni-dokument-sinode-2021.pdf\">Pripravljalni dokument sinode 2021<\/a><\/li><\/ul>\n\n\n\n<ul><li><a href=\"http:\/\/sskz.rkc.si\/sskz\/wp-content\/uploads\/2021\/12\/210923-Vademekum-Za-sinodalno-Cerkev.pdf\">Vademekum \u2013 Za sinodalno Cerkev<\/a><\/li><\/ul>\n\n\n\n<ul><li><a href=\"http:\/\/sskz.rkc.si\/sskz\/wp-content\/uploads\/2021\/12\/211104-Sinoda-2021-2023-povzetek-dokumentov.docx\">Povzetek dokumentov<\/a><\/li><\/ul>\n\n\n\n<p>Vsako zasedanje na drugem vatikanskem koncilu se je za\u010delo z molitvijo Adsumus Sancte Spiritus. Prve besede v latinskem originalu pomenijo \u00bbPred teboj smo, Sveti Duh\u00ab. To molitev so skozi stoletja uporabljali na koncilih, sinodah in drugih zborovanjih Cerkve, njeno avtorstvo pa pripisujejo sv. Izidorju Seviljskemu (ok. 560\u20134. april 636). Ko vstopamo v sinodalni proces, s to molitvijo kli\u010demo Svetega Duha, naj dela v nas, da bomo mogli biti ob\u010destvo in ljudstvo milosti. Za sinodalni proces od 2021 do 2023 je predlagana poenostavljena oblika molitve. <\/p>\n\n\n\n<ul><li><a href=\"http:\/\/sskz.rkc.si\/sskz\/wp-content\/uploads\/2021\/12\/211125-Molitev-za-sinodo.docx\">Molitev za sinodo<\/a><\/li><\/ul>\n\n\n\n<p>Na spletni strani smo zbrali tudi <a href=\"http:\/\/sskz.rkc.si\/sskz\/domov\/sinoda\/dodatno-gradivo\/\">dodatna gradiva in aktualne \u010dlanke<\/a>, posebno pozornost pa namenjamo <a href=\"http:\/\/sskz.rkc.si\/sskz\/domov\/sinoda\/sinoda-v-skz\/\">Sinodi v SK\u017d<\/a>. <\/p>\n\n\n\n<figure class=\"wp-block-gallery columns-1 is-cropped\"><ul class=\"blocks-gallery-grid\"><li class=\"blocks-gallery-item\"><figure><img loading=\"lazy\" width=\"501\" height=\"497\" src=\"http:\/\/sskz.rkc.si\/sskz\/wp-content\/uploads\/2021\/12\/Zajeta-slika-1-2.png\" alt=\"\" data-id=\"1595\" data-full-url=\"http:\/\/sskz.rkc.si\/sskz\/wp-content\/uploads\/2021\/12\/Zajeta-slika-1-2.png\" data-link=\"http:\/\/sskz.rkc.si\/sskz\/?attachment_id=1595\" class=\"wp-image-1595\" srcset=\"https:\/\/sskz.rkc.si\/sskz\/wp-content\/uploads\/2021\/12\/Zajeta-slika-1-2.png 501w, https:\/\/sskz.rkc.si\/sskz\/wp-content\/uploads\/2021\/12\/Zajeta-slika-1-2-300x298.png 300w, https:\/\/sskz.rkc.si\/sskz\/wp-content\/uploads\/2021\/12\/Zajeta-slika-1-2-150x150.png 150w, https:\/\/sskz.rkc.si\/sskz\/wp-content\/uploads\/2021\/12\/Zajeta-slika-1-2-100x100.png 100w\" sizes=\"(max-width: 501px) 100vw, 501px\" \/><\/figure><\/li><\/ul><\/figure>\n","protected":false},"excerpt":{"rendered":"<p>V \u010dasopisu Dru\u017eina je bil 19. septembra 2021 objavljen \u010dlanek \u201cZa\u010denja se sinodalna pot\u201d. V njem je na kratko predstavljena \u0161kofovska sinoda, ki se bo za\u010dela oktobra letos, zaklju\u010dila pa se bo oktobra 2023 s \u0161kofovskim zborom v Rimu. Pripravljalni dokument sinode\u00a0vabi prav vsakogar k poslu\u0161anju, dialogu in skupnemu razlo\u010devanju. Posebej je izpostavljena pomembnost vklju\u010ditve &hellip; <a href=\"https:\/\/sskz.rkc.si\/sskz\/domov\/sinoda\/\" class=\"more-link\">Continue reading <span class=\"screen-reader-text\">Sinoda<\/span><\/a><\/p>\n","protected":false},"author":1,"featured_media":0,"parent":2,"menu_order":0,"comment_status":"open","ping_status":"closed","template":"","meta":[],"_links":{"self":[{"href":"https:\/\/sskz.rkc.si\/sskz\/wp-json\/wp\/v2\/pages\/1581"}],"collection":[{"href":"https:\/\/sskz.rkc.si\/sskz\/wp-json\/wp\/v2\/pages"}],"about":[{"href":"https:\/\/sskz.rkc.si\/sskz\/wp-json\/wp\/v2\/types\/page"}],"author":[{"embeddable":true,"href":"https:\/\/sskz.rkc.si\/sskz\/wp-json\/wp\/v2\/users\/1"}],"replies":[{"embeddable":true,"href":"https:\/\/sskz.rkc.si\/sskz\/wp-json\/wp\/v2\/comments?post=1581"}],"version-history":[{"count":9,"href":"https:\/\/sskz.rkc.si\/sskz\/wp-json\/wp\/v2\/pages\/1581\/revisions"}],"predecessor-version":[{"id":1688,"href":"https:\/\/sskz.rkc.si\/sskz\/wp-json\/wp\/v2\/pages\/1581\/revisions\/1688"}],"up":[{"embeddable":true,"href":"https:\/\/sskz.rkc.si\/sskz\/wp-json\/wp\/v2\/pages\/2"}],"wp:attachment":[{"href":"https:\/\/sskz.rkc.si\/sskz\/wp-json\/wp\/v2\/media?parent=1581"}],"curies":[{"name":"wp","href":"https:\/\/api.w.org\/{rel}","templated":true}]}}